) = -3*y**2 - 8*y - 5. Let i(f) = -7*f**2 - 16*f - 11. Let z(q) = 9*b(q) - 4*i(q). What is z(7)?
-8
Let a(c) be the third derivative of -3*c**4/4 + 563*c**3/6 + 4*c**2 - 788. Determine a(31).
5
Let f = -5036 - -5036. Let c(a) = 2*a**2 - a + 10. Determine c(f).
10
Let q(x) = -1426*x + 359*x + 361*x + 354*x + 355*x - 30. Give q(5).
-15
Let r(t) = -t**3 + 7*t**2 + 11*t - 18. Let j = 11855 + -11847. Calculate r(j).
6
Let p(q) = 2 - 955*q**2 - 6*q - 2*q + 36*q + 967*q**2 + q**3. Give p(-3).
-1
Suppose 0*k = -2*k - 14. Let b(l) be the first derivative of l**4/12 + l**3 - 124*l + 111. Let h(j) be the first derivative of b(j). Calculate h(k).
7
Let b(f) = f**2 - 12. Let w(l) = 2*l + 85. Let v be w(-40). Suppose 3 = -4*u + r + 4, -v*r - 5 = -u. Determine b(u).
-12
Suppose -4*q - 188 = -200. Let k(j) = -j**3 - j**2 + 6*j + 2. What is k(q)?
-16
Let p(h) = -4079*h**3 + h**2 + 7*h + 5. Let z be p(-1). Let y(d) = -4073*d + z*d + 3 - d**2 + 5. Give y(6).
2
Let c(x) = 7*x**2 - 12*x - 1. Suppose -4*m = 2*t + 14, -4*m - 39 = 39*t - 42*t. Determine c(t).
114
Let s(b) = 3*b - 8. Let q(x) = 7*x + 9. Let o(k) = q(k) - 3*s(k). Determine o(18).
-3
Let g(z) = 6*z - 14*z - 23*z**2 + 24*z**2 + 9. Let r(f) = 24*f**2 - 3*f - 3. Let k be r(-2). Let c = k - 93. Calculate g(c).
-3
Let k(x) = 4*x**2 - x - 1. Let y(z) = 14*z**2 + 10*z - 3. Suppose 0 = -6*p - 335 + 353. Let f(r) = p*k(r) - y(r). Determine f(-6).
6
Let j(t) = 33*t - 42. Let r(q) = -33*q + 37. Let x(c) = -6*j(c) - 7*r(c). Calculate x(1).
26
Let l be 1*248/(-6)*27/(-9). Let o(r) = -2*r - 271*r**2 + l*r**2 + r**3 + 146*r**2. Give o(2).
0
Let u = -71 - -74. Suppose -5 = -4*q - u*c, 8*q - 7*q - 3*c - 20 = 0. Suppose q = -8*g + 13*g. Let d(r) = 4*r + 1. What is d(g)?
5
Let i(v) be the third derivative of -10*v**2 + 0*v - 1/2*v**3 + 0 + 7/24*v**4. Determine i(2).
11
Let r = 13902 - 13913. Let y(c) = c**2 - c - 25. Determine y(r).
107
Suppose -21*n + 19 = -2*n. Let b(r) be the second derivative of -r**7/504 + 4*r**4/3 - 12*r. Let f(o) be the third derivative of b(o). Calculate f(n).
-5
Let j be (-44)/(-16) + (-9)/12. Let i be 0 + j - (-3)/3. Let d(c) = -11 + 2*c**2 - 9 + i*c**2 - 2*c + 18. Determine d(-2).
22
Suppose 55*j + 204 = 89*j. Let m(s) be the third derivative of -1/24*s**4 + 1/60*s**5 + 0 + 0*s + 0*s**3 + 1/30*s**j - 12*s**2. Give m(1).
4
Suppose -97 = -11*g - 9. Let n(l) = -l**3 - 15*l**2 + 9. Let w be n(-15). Let s(q) = -w + q**2 + 0*q**2 - q - 3*q. Calculate s(g).
23
Suppose -3*w + a = 2*a - 18, -6 = -2*a. Let g(h) = -3*h + 19. What is g(w)?
4
Let f(q) = -q**3 + 4*q**2 + q - 2. Let d be f(4). Suppose -3*i = d*i + 25. Let r(x) = -7 - 161*x + 0 + 156*x. What is r(i)?
18
Let r be (-2 - (-3 - 1))*2. Let c be (-3 - (4 - r)) + (1 - -2). Let g(n) = n + 5. Determine g(c).
5
Let c(f) = f**3 + 4*f**2 - 12*f - 23. Let a(d) = d**3 + 3*d**2 - 12*d - 23. Let p(w) = -3*a(w) + 4*c(w). Calculate p(-8).
9
Let p(s) = 2*s + 11. Let g be 3/((-1)/32*2). Let q be g/56*-7 - 14. What is p(q)?
-5
Let v(i) = -i**3 + 6*i**2 - 6*i + 5. Suppose -12*l + 60 = -0. Give v(l).
0
Let a be (-92)/(-4) - (2 - 1). Suppose 0 = 4*c + 2*i - 2, 2*c + 3*c - 4*i - a = 0. Let n(k) = 6*k**c - 5 + k**3 + 3 + 2*k - 2 - 3. Calculate n(-5).
8
Let d be (3 + 2)*(9 + -8). Let p = -124 - -135. Let s(x) = 4 + p*x + 6 - 5 - 10*x. What is s(d)?
10
Let h be 3/(((-6)/(-9))/((-8)/(-3))). Suppose -6*q = -10*q + h. Let v be q/(3/4*4). Let r(n) = -2*n**3 + 2*n**2 - 2*n + 1. Determine r(v).
-1
Suppose -4*h - 50 = -7*h + 4*v, -3*h + 2*v + 46 = 0. Let l(y) = 2*y - 25. Calculate l(h).
3
Let t = 448 + -246. Let b = -209 + t. Let l(z) = z**3 + 8*z**2 + 7*z + 5. What is l(b)?
5
Let v(t) be the first derivative of -t**4/4 - 14*t**3/3 + 8*t**2 + 20*t + 24. Determine v(-15).
5
Let b(y) = -y**3 + 12*y**2 - 44*y + 96. Suppose 5*r + 387 - 436 = -3*d, 3*r = -4*d + 36. Give b(r).
0
Let v(h) be the third derivative of -h**4/12 + h**3/3 + 2065*h**2. Calculate v(-5).
12
Let b(x) be the second derivative of -x**8/840 + x**7/2520 - x**6/720 + 2*x**4/3 + x**2 - 11*x + 1. Let v(h) be the third derivative of b(h). Calculate v(1).
-8
Let g(x) = -x**2 - 4*x + 27. Suppose -2*c = 5*v - 19, 2*c + 9 = -4*v + 21. Calculate g(c).
-5
Let x(o) = 2*o**2 + 131*o - 703. Let k be x(5). Let p(f) be the third derivative of -f**5/15 + f**3/6 + 2*f**2. Give p(k).
-15
Let x(j) be the second derivative of 1/12*j**4 + 13/2*j**2 + 24*j + 3/2*j**3 + 0. Determine x(-8).
5
Let k = -626 - -624. Let g(p) = 0 - 11 + 13 - 7*p**2 + p. Calculate g(k).
-28
Let z(a) be the second derivative of 3*a**5/2 + a**4/3 - 2*a**3/3 + a**2/2 + 8769*a. Determine z(1).
31
Let z(k) = 1 - 5*k - 13*k + 6*k + 5. Suppose 0 = -12*y + 14*y + 3*p + 4, 4*y = 3*p + 28. What is z(y)?
-42
Let z(a) = 8*a + 5. Let c(i) = 10*i + 2. Let r(p) = 6*c(p) - 5*z(p). Let w(x) = -20*x + 16. Let o(k) = 5*r(k) + 4*w(k). Give o(1).
19
Let j(g) = -g + 3. Suppose 94 = -4*y - 2*n, -36 = y - 0*n + 3*n. Let v be 90/(-35) + y/49. What is j(v)?
6
Let u be ((-3324)/312 - 4/(-26))*14/(-21). Let m = -4 - -6. Let n(s) = -3*s**m + s + u*s**2 + 0*s**2. Calculate n(-2).
14
Let y(c) = 6*c**2 - c + 2. Let x(m) = m**2 - 8*m + 10. Let q be (1/2 - 2)*16/(-3). Let h be x(q). Suppose 6*r - r = h. Give y(r).
24
Let a(r) = -r**2 - 3*r - 1. Suppose 0 = -4*k + 2*v + 150, 3*k - 125 = 3*v + v. Suppose 4*z + 7 = 2*y - k, -5*z = 4*y - 110. Suppose -y = 5*m - 10. Give a(m).
-1
Let k = 7682 + -7676. Let v(l) = -2 + 6 - l + 8. Determine v(k).
6
Let x(i) = -48*i**3 - 89*i**2 - 129*i - 505. Let a(f) = -5*f**3 - 10*f**2 - 14*f - 56. Let h(c) = 19*a(c) - 2*x(c). What is h(13)?
11
Let f(p) be the first derivative of 3*p**2/2 - 208*p - 8390. Calculate f(70).
2
Let d(q) = -6423*q - 26 - 6417*q + 8 + 12842*q. Determine d(-18).
-54
Suppose -12*l + 5 = -19. Let g be (0/(-2))/(0 - l). Let w(c) = c**3 + 2*c + 7. What is w(g)?
7
Suppose -1834 = 6*l + 8*l. Let z = -134 - l. Let o(h) = h + 4. Calculate o(z).
1
Let m(b) = 12*b**2 - 9*b - 30*b**2 + 10*b**2 - 7 + 7*b**2. Suppose -12*z = -6 + 102. Determine m(z).
1
Let z(n) be the third derivative of n**6/120 + n**5/10 - 7*n**4/24 - 79*n**2. Let f be 1*2*1/(-2). Let l be ((-21)/(-21))/(f/7). Calculate z(l).
0
Let n(i) be the second derivative of i**4/6 - 7*i**3/6 - 9*i**2/2 - 11649*i. Calculate n(-6).
105
Let y(t) = -3*t**2 - 3*t + 7. Let z be (3 - 8 - 2)*108/189. Give y(z).
-29
Suppose 3*q - l - 13 = -0*l, 35 = 5*q + 5*l. Let u(f) = 158 - 165 + 3*f + f + 0*f. Calculate u(q).
13
Let i(c) = c**3 - 8*c**2 - 7*c + 10. Let l = 11500 + -11491. Give i(l).
28
Let h(f) = -33*f - 37*f + 72*f - 1 - 4*f**2 + 2. Suppose -7*o = -2*o - 3*u - 22, 0 = o + 5*u + 18. Determine h(o).
-11
Let b(j) be the first derivative of 13*j**2/2 + 2*j + 571. Calculate b(-3).
-37
Let k(o) = -o**2 - 4*o - 1. Let m(z) = -z**3 - 10*z**2 + 13*z + 18. Let w(t) = 6*t + 13. Let i be w(-4). Let r be m(i). What is k(r)?
-1
Let j(p) be the third derivative of -p**6/120 - 2*p**5/15 + p**4/6 + 16*p**3/3 + 3277*p**2. Calculate j(-8).
0
Let s(q) = 5*q + 53 + q**2 - 39 - 26. Let l be s(-7). Let z(p) = 2 + l*p - 2 - 5 + 3. Calculate z(5).
8
Let r(q) = -29*q - 7. Let n = 821 + -822. What is r(n)?
22
Let t(b) = -3*b - b + 88*b**3 + 25 - 5*b**2 + 73*b**3 - 160*b**3. Determine t(5).
5
Let w(g) = -5*g**3 + 2*g + 1. Let x be w(-1). Let u(s) be the first derivative of -17 - 2*s - 5/2*s**2. Give u(x).
-22
Let z(j) = 11*j**3 + 43*j**2 - 20*j + 12. Let q(s) = -13*s**3 - 51*s**2 + 22*s - 15. Let c(b) = 5*q(b) + 6*z(b). Calculate c(-5).
-3
Let n(b) be the first derivative of -b**3 - 4*b**2 + 11*b + 583. Give n(-9).
-160
Let u(a) = 2*a + 32. Let s = 3037 - 3044. What is u(s)?
18
Let k(h) = -h - 6. Suppose j - 10 = -2*l, 13*j + 9 = 10*j + 7*l. Calculate k(j).
-10
Suppose x = -5*h + 32, 3*x + x + 4*h - 64 = 0. Let v(c) = 8*c - 2626833 + 8*c + 0*c - 18*c + 2626839. Determine v(x).
-18
Let x = -687 - -690. Let j(n) = -8*n + 2*n**2 + 5 - 11*n**2 - 5 + 0*n**x - n**3. What is j(-8)?
0
Let c(l) be the second derivative of l**4/12 - 4*l**3/3 + 11*l**2/2 - 678*l. Calculate c(3).
-4
Let l(z) be the third derivative of 1/120*z**6 + 1/5*z**5 + 3/8*z**4 - 5/2*z**3 - 20*z**2 + 0 - z. Give l(-11).
7
Suppose -q - q = 6. Let m(k) = -k**3 - 16*k**2 - k - 53. Let a(y) = 2*y**3 + 23*y**2 + y + 75. Let p(r) = 5*a(r) + 7*m(r). Give p(q).
-44
Le